 + 8*n + 147. What is g(9)?
-105
Let a(f) = 2*f**3 - 46*f**2 - 50*f + 8. What is a(24)?
-40
Let y(h) = 112*h + 546. Determine y(-5).
-14
Let a(u) = -7*u**2 - 3*u - 1. Give a(7).
-365
Let n(y) = -419*y - 865. Give n(-2).
-27
Let k(n) = -275*n - 553. Calculate k(-2).
-3
Let b(j) = j**2 - 61*j - 4616. Determine b(-44).
4
Let z(k) = k**3 - 156*k**2 + 2357*k + 839. Calculate z(139).
5
Let x(z) = -2*z**3 - 23*z**2 + 12*z - 11. Determine x(-12).
-11
Let d(i) = 33*i - 58. What is d(11)?
305
Let s(r) = 11*r**2 - 6*r - 8. Determine s(-3).
109
Let q(s) = 2*s**3 - 10*s**2 - 7*s + 1. Give q(6).
31
Let c(s) = -3*s**2 + 86*s - 23. What is c(28)?
33
Let j(i) = -782*i - 142327. Calculate j(-182).
-3
Let o(q) = q**3 - 16*q**2 + 38*q - 50. Give o(13).
-63
Let h(g) = -104*g + 5014. Calculate h(48).
22
Let x(b) = -7*b - 131. Determine x(-14).
-33
Let l(j) = -j**3 - 18*j**2 + 25*j + 136. What is l(-19)?
22
Let u(d) = 2*d**3 - 33*d**2 - 87*d - 22. Give u(-2).
4
Let q(s) = -113*s**3 - 1464*s**2 + 74*s + 112. What is q(-13)?
-5
Let y(b) = -2*b**2 - 763*b - 37524. Calculate y(-58).
2
Let w(f) = 105*f + 267. Determine w(-3).
-48
Let d(k) = 42*k - 749. Calculate d(21).
133
Let a(d) = -d**3 - 55*d**2 + 436*d + 175. What is a(-62)?
51
Let l(i) = -2*i**3 + 71*i**2 + 112*i - 30. What is l(37)?
7
Let v(c) = 6*c**2 - 8*c + 14. Give v(2).
22
Let b(z) = 2*z**3 + 21*z**2 - 18*z - 71. Determine b(-11).
6
Let l(m) = -73*m + 1035. Give l(13).
86
Let q(i) = -4464*i + 26781. Calculate q(6).
-3
Let w(t) = -10*t - 425. Determine w(-61).
185
Let o(r) = -2*r**2 - 27*r - 81. Give o(-5).
4
Let v(r) = -6585*r - 19761. Determine v(-3).
-6
Let r(f) = -6*f**3 + 31*f**2 + 42*f - 10. Calculate r(6).
62
Let m(f) = -279*f + 3054. Determine m(11).
-15
Let u(r) = r**3 + 104*r**2 + 205*r + 69. Calculate u(-102).
-33
Let r(k) = -11*k + 1537. Determine r(140).
-3
Let z(x) = -139*x + 12725. Calculate z(92).
-63
Let y(w) = -20*w - 346. Calculate y(-19).
34
Let n(d) = 64*d - 829. Give n(13).
3
Let p(r) = 174*r - 18091. Calculate p(104).
5
Let g(i) = 2*i**2 - 797*i - 7359. What is g(-9)?
-24
Let q(k) = -5*k**2 - 30*k - 63. What is q(-2)?
-23
Let a(c) = c**3 + 145*c - 24. Determine a(0).
-24
Let k(s) = 4*s**2 - 34*s + 202. Calculate k(13).
436
Let f(m) = -5*m**2 + 206*m + 1339. Give f(-7).
-348
Let r(v) = -v**3 - 15*v**2 + 16*v + 59. Determine r(-13).
-487
Let h(l) = -547*l + 562. Calculate h(1).
15
Let f(y) = -y - 640. Determine f(13).
-653
Let p(b) = b**3 - 5*b**2 - 432*b + 2208. Calculate p(5).
48
Let n(k) = 189*k + 20607. Calculate n(-109).
6
Let m(p) = 3*p**2 - 191*p + 2695. Give m(21).
7
Let j(c) = -c**3 + 90*c**2 - 2018*c + 88. Calculate j(42).
4
Let i(h) = -144*h - 10424. Calculate i(-72).
-56
Let g(i) = 148*i**2 + 574*i + 3. Give g(-5).
833
Let q(v) = v**2 - 200*v - 194. Calculate q(201).
7
Let x(h) = -h**3 + 7*h**2 + 102*h - 61. Give x(14).
-5
Let o(i) = -401*i - 48522. Determine o(-121).
-1
Let r(j) = 6*j**3 + 50*j**2 + 2*j - 123. Determine r(-8).
-11
Let w(x) = 3*x**3 - 85*x**2 + 181*x - 19. Calculate w(26).
-45
Let p(q) = -q**3 - 59*q**2 - 72*q - 810. Determine p(-58).
2
Let g(p) = 10*p**2 + 4*p - 20. Calculate g(6).
364
Let q(w) = 26*w**2 + 168*w - 10. Give q(-7).
88
Let r(o) = 110*o**2 - 64*o + 130. What is r(2)?
442
Let x(a) = -a**3 - a**2 - 12*a + 13. Give x(1).
-1
Let b(y) = 4*y + 199. What is b(-14)?
143
Let d(m) = -m**3 - 5*m**2 + 6*m + 204. Give d(0).
204
Let m(z) = 2*z**3 - 78*z**2 + 76*z - 30. Calculate m(38).
-30
Let p(b) = 21*b - 624. Determine p(29).
-15
Let q(h) = h**3 + 7*h**2 + 32*h + 323. What is q(-8)?
3
Let f(l) = l**2 + 18*l - 1133. Calculate f(26).
11
Let z(m) = 5*m + 36. Give z(27).
171
Let m(q) = -q**3 - 56*q**2 - 155*q + 12. Determine m(-3).
0
Let n(r) = -238*r - 1372. Determine n(-5).
-182
Let b(m) = 10*m - 35. Calculate b(20).
165
Let x(z) = 307*z + 606. What is x(-2)?
-8
Let f(d) = -d**3 + 5*d**2 + 7*d + 12. What is f(5)?
47
Let g(j) = j**2 - 59*j + 113. Calculate g(44).
-547
Let s(a) = a**2 + 203*a - 36139. What is s(-317)?
-1
Let q(n) = -5758*n + 51822. Give q(9).
0
Let v(b) = 828*b + 4132. What is v(-5)?
-8
Let k(u) = 2*u**2 - 149*u - 8557. Determine k(-38).
-7
Let o(l) = l**2 + 5*l + 41. What is o(0)?
41
Let o(d) = -d**3 - 12*d**2 - 11*d + 65. Give o(-9).
-79
Let r(a) = 9*a - 289. Calculate r(63).
278
Let l(z) = 35*z**2 + 11*z - 23. Calculate l(4).
581
Let f(r) = r**3 + 36*r**2 - 79*r - 74. Determine f(-38).
40
Let m(z) = z**2 + 25*z - 262. What is m(-35)?
88
Let z(j) = 1452*j - 18873. Determine z(13).
3
Let r(j) = j**2 + 107*j + 1864. What is r(-85)?
-6
Let g(o) = o**2 + 6*o - 1080. What is g(30)?
0
Let n(f) = 25*f - 549. Give n(21).
-24
Let d(n) = n**3 - 21*n**2 + 23*n - 4. Determine d(20).
56
Let c(h) = -h**3 - 124*h**2 - 277*h - 4022. What is c(-122)?
4
Let y(v) = -2*v**3 - 77*v**2 - 117*v - 234. Give y(-37).
-12
Let s(b) = 2*b**2 - 165*b - 246. Calculate s(84).
6
Let l(c) = -c**2 + 10*c + 43. Give l(0).
43
Let s(g) = 2*g**2 - 78*g - 247. Determine s(-3).
5
Let f(p) = p**2 + 123*p - 1058. Calculate f(8).
-10
Let o(u) = 204*u - 1014. Give o(5).
6
Let k(t) = 3*t**2 + 874*t + 5144. Determine k(-6).
8
Let w(b) = 37*b - 2949. Calculate w(80).
11
Let y(w) = -36*w - 188. Give y(15).
-728
Let z(s) = -7*s**2 - 63*s + 18. Calculate z(-9).
18
Let g(j) = 24*j**2 + 9511*j + 2765. What is g(-396)?
-7
Let x(i) = -i**3 + 4*i**2 + 435*i - 2155. What is x(5)?
-5
Let v(u) = -5*u**2 + 64*u + 220. Determine v(16).
-36
Let u(c) = c**3 - 5*c**2 - 24*c + 40. What is u(6)?
-68
Let o(c) = -1092*c + 2192. Determine o(2).
8
Let u(w) = 626*w**3 + 3*w**2 + 3*w - 1. Determine u(-1).
-627
Let g(q) = 478*q + 1937. Calculate g(-4).
25
Let r(l) = 8*l - 311. Give r(43).
33
Let d(w) = w**2 - 27*w - 35. What is d(22)?
-145
Let m(f) = -27*f + 1478. Determine m(55).
-7
Let o(n) = n**3 + 41*n + 325. Calculate o(-9).
-773
Let t(g) = g**2 + 230*g + 1442. Calculate t(-7).
-119
Let b(f) = -49*f + 194. Calculate b(4).
-2
Let b(r) = -8*r**3 + 8*r**2 + 2*r - 77. Calculate b(5).
-867
Let i(k) = k**3 + 14*k**2 + 10*k - 43. What is i(-13)?
-4
Let p(l) = -l**3 - 116*l**2 + 606*l + 92. Give p(-121).
-29
Let t(g) = -6*g**3 - 6*g**2 - 9*g - 13. What is t(-3)?
122
Let q(b) = -24*b**2 - 92*b + 264. Calculate q(3).
-228
Let d(j) = 1185*j - 34348. Calculate d(29).
17
Let i(w) = -129*w + 15123. Calculate i(117).
30
Let q(j) = j**2 - 14*j - 50. Give q(16).
-18
Let x(p) = -20*p**2 + 763*p + 7. Calculate x(38).
121
Let d(i) = i**3 + 65*i**2 + 124*i - 113. Determine d(-63).
13
Let y(o) = -20*o**3 - 5*o**2 - 11*o - 6. Determine y(-1).
20
Let d(s) = 6*s**3 - 4*s**2 + 340*s + 344. What is d(-1)?
-6
Let o(w) = w**2 - 214*w + 2622. Calculate o(201).
9
Let k(d) = -d**3 + 7*d**2 - 14*d - 2. Calculate k(5).
-22
Let r(o) = -647*o - 638. What is r(-1)?
9
Let r(i) = 8*i**3 - 38*i**2 - 33*i + 2. Calculate r(6).
164
Let f(g) = -3*g**2 + 19*g + 323. Determine f(14).
1
Let s(n) = -2*n**3 + 97*n**2 - 53*n + 160. Calculate s(48).
-80
Let s(l) = -66*l - 1657. Determine s(-25).
-7
Let n(b) = 2*b - 101. Give n(4).
-93
Let v(t) = -3*t**2 + 25*t - 32. Determine v(7).
-4
Let q(v) = -11*v**2 - 203*v - 145. Calculate q(-18).
-55
Let w(d) = 81*d - 5301. Give w(68).
207
Let s(v) = 26*v + 712. Give s(-24).
88
Let j(i) = -i**2 - 12*i - 136. Calculate j(-7).
-101
Let z(h) = h**2 + 32*h + 220. Determine z(-21).
-11
Let m(a) = 35*a - 461. Calculate m(19).
204
Let x(k) = k**2 - 58*k + 223. Give x(4).
7
Let q(x) = -2*x**2 + 69*x + 535. Give q(44).
-301
Let o(u) = -u**2 - 40*u + 521. Give o(-50).
21
Let t(n) = -n**2 - 112*n - 2696. Determine t(-77).
-1
Let n(w) = 2*w**2 - 107*w + 1353. What is n(39)?
222
Let y(b) = -28465*b - 199260. Calculate y(-7).
-5
Let s(o) = -o**2 + 6*o - 25. Calculate s(5).
-20
Let n(z) = 9*z**3 + z**2 - 10*z - 4. Calculate n(3).
218
Let n(i) = 5*i**2 + 99*i - 36. Give n(-20).
-16
Let r(a) = -4*a**2 - 39*a - 63. What is r(-8)?
-7
Let b(z) = 2*z**3 - 2*z**2 - 48*z - 65. Determine b(-3).
7
Let y(w) = -w**3 + 21*w**2 - 71*w + 105. What is y(17)?
54
Let j(z) = -5*z**3 - 16*z**2 - 9*z + 6. Calculate j(-1).
4
Let f(s) = -s**2 + s - 6. Give f(-13).
-188
Let q(t) = -10*t - 329. Give q(-33).
1
Let p(h) = 4*h**2 - 418*h - 4816. Calculate p(115).
14
Let w(g) = -50*g + 192. Give w(4).
-8
Let x(p) = -623*p + 82229. What is x(132)?
-7
Let d(h)